 + 1 - 6).
35
Let y(f) = f + 7. Let u(o) = -43*o - 167. What is the remainder when y(7) is divided by u(-4)?
4
Let c(t) = t**3 + 11*t**2 - 47*t + 22. Calculate the remainder when c(-14) is divided by 16.
12
Suppose 58 + 5 = 9*h. Let y(k) = k**2 + 50. Let d be y(0). Suppose -5*r + 3*j = 6*j - d, 60 = 5*r + j. What is the remainder when r is divided by h?
6
Suppose 0 = 2*b + 5 - 97. Let r = b + -19. Calculate the remainder when 77 is divided by r.
23
Suppose -2*m + 3*s + 5 = -31, -18 = -m - s. Suppose 4*c - 3*j + 7*j - 88 = 0, -c = -3*j - m. What is the remainder when 39 is divided by c?
18
Let k(l) = -2*l**3 - 35*l**2 - 106*l - 13. What is the remainder when k(-14) is divided by 23?
7
Let n(t) = t**3 - 6*t**2 + 15*t - 33. Let x be n(8). Suppose -59 = 3*o - x. What is the remainder when o is divided by 18?
16
What is the remainder when 52 is divided by 1/4*(-1216)/(-16)?
14
Let g(o) = -o**3 + 13*o**2 - 3*o - 96. Let h be g(13). Suppose -185 = 3*d + 37. Let x = d - h. What is the remainder when x is divided by 16?
13
Suppose 3*u = -62 + 476. Suppose 2*j - a - 4*a = 50, -4*j + 120 = -5*a. What is the remainder when u is divided by j?
33
Let r(h) = h**3 + 12*h**2 - 3*h - 11. Let w be r(-12). Let b = w + -5. Calculate the remainder when b is divided by 5.
0
Suppose 2*z + 7 = -3. Let t(u) = -5*u + 4. Let w be t(z). Suppose 3*x + w = 4*x. Calculate the remainder when x is divided by 15.
14
Let q = 15 + 5. Let d(r) = 2*r + 0*r**2 - r**3 - 4 - 2*r**2 - 4*r + 0*r**2. Calculate the remainder when q is divided by d(-3).
9
Suppose 52*u = 752 + 220 - 244. Suppose 5*c = -3 - 12. What is the remainder when -9*c/(2/2) is divided by u?
13
Let h(u) = 7*u**2 + 9*u - 11. Calculate the remainder when 207 is divided by h(2).
32
Suppose 3*l - 195 = -4*v + 60, -2*v + 3*l + 123 = 0. What is the remainder when v is divided by ((33 - 18) + -14)*11/2*2?
8
Let f = 47 - 26. What is the remainder when -1*(-64 + (-3)/(-1)) is divided by f?
19
Suppose l - 534 = y, 540 = l + 7*y - 10*y. Calculate the remainder when l is divided by 12.
3
Let r(j) = j**2 - 9*j + 19. Let o be r(7). Suppose 3*w = a + 2*a - 180, o*w = 2*a - 117. What is the remainder when a is divided by 7 + (3 - 5 - -3)?
5
Let y(u) = -u**2 - 25*u - 87. What is the remainder when 140 is divided by y(-17)?
42
Suppose 5*y + 0*y - 2*x - 52 = 0, -23 = -2*y + 3*x. Let q = y - 13. What is the remainder when 31 + -1 + 4 + q is divided by 11?
9
Suppose 3*m + k - 65 + 6 = 0, -4*m - 5*k = -75. Let t(v) = 3*v + 8. Let d be t(11). Let x = 77 - d. Calculate the remainder when x is divided by m.
16
Let u = 35 + -19. Let h = 55 - u. What is the remainder when h is divided by 7?
4
Suppose 15*v - 230 = 5*v. Suppose -5*w = 2 - 32. What is the remainder when v is divided by w?
5
Let i(f) = 39*f**2 + f - 1. Calculate the remainder when i(2) is divided by -28*(-5 + (-75)/(-21)).
37
Let o(w) = 2 + 0*w - 4*w + 0*w + 2. Calculate the remainder when o(-6) is divided by 5.
3
Let y be 30*(0 + 1/2). Suppose -c = -328 + 328. Let q = c + y. What is the remainder when 44 is divided by q?
14
Suppose -71 = 5*v - 3*f - 199, 64 = 3*v - 5*f. What is the remainder when 81 is divided by v?
25
Let d be -2*3/(-6)*-3. Let i(a) be the first derivative of -a**2 + 2*a - 16. What is the remainder when 23 is divided by i(d)?
7
Suppose 104 = -2*g + 156. Suppose 21 - g = -x. What is the remainder when 24 is divided by x?
4
Suppose 0 = l + 1 - 5, 5*l = y - 1552. Let b be y/(-68) + (-6)/(-51). Let i = 6 - b. What is the remainder when 115 is divided by i?
28
Suppose 17*q + 35 = 19*q - 3*s, 0 = -2*q - 4*s. Calculate the remainder when 169 is divided by q.
9
Suppose -726 = -13*i + 2*i. Suppose 0 = 2*x - 4 - i. Calculate the remainder when x is divided by 12.
11
Suppose 0 = 4*f + 3*o + 6 - 54, f - 12 = 3*o. Calculate the remainder when f is divided by 5.
2
Calculate the remainder when 115 is divided by 12*((-4)/(-6) + 0) + 3.
5
Let p = 10 + 27. Let a = -33 + p. Calculate the remainder when 31 is divided by a.
3
Suppose -24*z = -791 - 193. What is the remainder when z is divided by 28?
13
Suppose -12*k + 79 = -389. What is the remainder when k is divided by 23?
16
Suppose 192 = -35*l + 43*l. Let w = 169 + -75. Calculate the remainder when w is divided by l.
22
Let o(b) = b**3 + 5*b**2 + b + 35. Calculate the remainder when o(0) is divided by 12.
11
Suppose -2*r - 13 = -7. Calculate the remainder when 118 is divided by (-51*3*r/(-27))/(-1).
16
Let b(f) = -f**2 + 8*f - 2. Let n be b(8). Let z = 25 - n. Calculate the remainder when z is divided by 15.
12
Suppose 4*n - 2000 = 4*j, 0*j = -3*n + 4*j + 1498. What is the remainder when n is divided by 5?
2
Let d(p) = -28*p**3 + 27*p**3 - 22 - 8*p + 3*p - 12*p**2. Calculate the remainder when d(-12) is divided by 11.
5
Suppose 116 = 6*i + 14. What is the remainder when 63 is divided by i?
12
Suppose 0 = -2*j + 4*w + 148, 4*w = 4*j - 8*j + 344. Suppose -2*l - 3*l - 4*v = -64, -5 = -5*v. What is the remainder when j is divided by l?
10
Let v = 1769 - 1519. What is the remainder when v is divided by 55?
30
Suppose -4*l - 1 + 25 = 0. Calculate the remainder when 3 is divided by 6*(-2)/4 + l/1.
0
Suppose -4*m + 9 = -m. Suppose -m*u - 8 = u. Calculate the remainder when 5 is divided by -1*1 + 6 + u.
2
Suppose 0 = -29*m - 54 + 315. What is the remainder when 130 is divided by m?
4
Suppose -3*l + 2 + 1 = -2*w, 2*w = 4*l - 6. Suppose 6*c = l*z + 3*c + 306, 3*z = c - 304. Calculate the remainder when (3 + z - -2)*-1 is divided by 14.
12
Suppose -7*z + 4*z + 81 = 0. What is the remainder when 131 is divided by z?
23
Let y = -149 + 216. What is the remainder when y is divided by 10?
7
Suppose 2*r + 2*r + 4*w = 48, 8 = -2*w. Calculate the remainder when 350 is divided by r.
14
Let r be 9/(-108)*-4*(58 + -1). Suppose -2*o + r = -23. Calculate the remainder when o is divided by 7.
0
Let y(g) = 16*g**2 - 7*g + 8. Let h be y(2). Suppose 0 = -54*j + h*j - 1244. Calculate the remainder when j is divided by 52.
51
Calculate the remainder when -2 - 0 - (-14 + -74) is divided by 24.
14
Suppose 5*t - 448 = -88. Suppose 4*a = -3*d + t, 0 = -d - 5*a + 2 + 11. What is the remainder when d is divided by 15?
13
Suppose 0 = 5*p - 5*a - 510, 4*p + 5*a - 209 - 226 = 0. Calculate the remainder when p is divided by 99.
6
Let b be ((-3)/(-2))/(9/12). Suppose b*l = -4*x - 0*l, 0 = -x - l. Calculate the remainder when 14 is divided by -1 + 13 + x + -4.
6
Suppose 0 = 5*i - 4*g - 206, i - 6*i + 215 = 5*g. What is the remainder when i is divided by 1?
0
Let g(p) = p**3 - 18*p**2 + 26*p - 33. Let t be g(17). Suppose 2*u - 3*i - 45 = -2*i, t = 5*u - 5*i. What is the remainder when 61 is divided by u?
19
Suppose 472 + 253 = 5*u. Calculate the remainder when 282 is divided by u.
137
Let a = -18 + 41. Suppose 16*u + 3*p = 18*u - 178, 2*p = -4*u + 356. Calculate the remainder when u is divided by a.
20
Suppose -7*h - 130 + 4 = 0. Calculate the remainder when 1/2 - 405/h is divided by 8.
7
Let z(n) = 5*n + 6 + 7 - 25. What is the remainder when 61 is divided by z(4)?
5
Suppose -4*l = o - 748, -17 + 185 = l + 5*o. Calculate the remainder when l is divided by 32.
28
Let d be ((-4)/(-3))/((-2)/111). Suppose 3*v - 4*j - 403 = 0, 0 = -v + 2*j - 0*j + 137. Let f = v + d. What is the remainder when f is divided by 14?
13
Let j(q) = q**3 + q**2 - 33*q - 1. Calculate the remainder when 32 is divided by j(-6).
15
Suppose 49*h - 924 = 5*h. Let r(x) = 6*x**2 - 3*x - 1. Calculate the remainder when r(-3) is divided by h.
20
What is the remainder when 91 is divided by 3*((-92)/10)/(12/(-10))?
22
Let f(k) = k**3 + 2*k**2 - k - 38. Let z be f(0). Let j = 56 + z. What is the remainder when 66 is divided by j?
12
Suppose o + 39 = 5*z, -2*z + 2*o + 22 = z. Suppose 7 = -s + z. Calculate the remainder when 0 - 1/(2/(-4)) is divided by s.
0
Let f(n) = -n**3 + 39*n**2 + 129*n - 32. What is the remainder when 182 is divided by f(42)?
88
Let h = 28 - -80. What is the remainder when h is divided by 11?
9
Suppose 0 = o + 12 + 22. Let h = -16 - o. Let g(z) = -z**3 - z + 4. What is the remainder when g(-3) is divided by h?
16
Let o(i) = -i**3 + 9*i**2 - 5*i + 2. Suppose 1 = -2*d + 11. Suppose 105 = d*k + 5*b, -k - 4*k - 2*b = -93. What is the remainder when o(7) is divided by k?
14
Let v = 98 - 28